{"id":42,"date":"2022-12-08T17:19:50","date_gmt":"2022-12-08T17:19:50","guid":{"rendered":"http:\/\/localhost\/ekebrasso.ro\/?page_id=42"},"modified":"2023-03-31T07:56:39","modified_gmt":"2023-03-31T05:56:39","slug":"hirek","status":"publish","type":"page","link":"https:\/\/www.ekebrasso.ro\/","title":{"rendered":"H\u00edrek"},"content":{"rendered":"\t\t<div data-elementor-type=\"wp-page\" data-elementor-id=\"42\" class=\"elementor elementor-42\" data-elementor-post-type=\"page\">\n\t\t\t\t\t\t<section class=\"elementor-section elementor-top-section elementor-element elementor-element-cf40806 elementor-section-boxed elementor-section-height-default elementor-section-height-default\" data-id=\"cf40806\" data-element_type=\"section\">\n\t\t\t\t\t\t<div class=\"elementor-container elementor-column-gap-default\">\n\t\t\t\t\t<div class=\"elementor-column elementor-col-100 elementor-top-column elementor-element elementor-element-447b512\" data-id=\"447b512\" data-element_type=\"column\">\n\t\t\t<div class=\"elementor-widget-wrap elementor-element-populated\">\n\t\t\t\t\t\t<div class=\"elementor-element elementor-element-0cfad53 elementor-grid-3 elementor-grid-tablet-2 elementor-grid-mobile-1 elementor-posts--thumbnail-top elementor-card-shadow-yes elementor-posts__hover-gradient elementor-widget elementor-widget-posts\" data-id=\"0cfad53\" data-element_type=\"widget\" data-settings=\"{&quot;pagination_type&quot;:&quot;load_more_infinite_scroll&quot;,&quot;cards_columns&quot;:&quot;3&quot;,&quot;cards_columns_tablet&quot;:&quot;2&quot;,&quot;cards_columns_mobile&quot;:&quot;1&quot;,&quot;cards_row_gap&quot;:{&quot;unit&quot;:&quot;px&quot;,&quot;size&quot;:35,&quot;sizes&quot;:[]},&quot;cards_row_gap_tablet&quot;:{&quot;unit&quot;:&quot;px&quot;,&quot;size&quot;:&quot;&quot;,&quot;sizes&quot;:[]},&quot;cards_row_gap_mobile&quot;:{&quot;unit&quot;:&quot;px&quot;,&quot;size&quot;:&quot;&quot;,&quot;sizes&quot;:[]},&quot;load_more_spinner&quot;:{&quot;value&quot;:&quot;fas fa-spinner&quot;,&quot;library&quot;:&quot;fa-solid&quot;}}\" data-widget_type=\"posts.cards\">\n\t\t\t\t<div class=\"elementor-widget-container\">\n\t\t\t\t\t\t\t<div class=\"elementor-posts-container elementor-posts elementor-posts--skin-cards elementor-grid\">\n\t\t\t\t<article class=\"elementor-post elementor-grid-item post-783 post type-post status-publish format-standard has-post-thumbnail hentry category-hirek-2024\">\n\t\t\t<div class=\"elementor-post__card\">\n\t\t\t\t<a class=\"elementor-post__thumbnail__link\" href=\"https:\/\/www.ekebrasso.ro\/index.php\/2024\/11\/26\/a-kereszteny-havas-turistakalauza\/\" tabindex=\"-1\" ><div class=\"elementor-post__thumbnail\"><img fetchpriority=\"high\" decoding=\"async\" width=\"172\" height=\"300\" src=\"https:\/\/www.ekebrasso.ro\/wp-content\/uploads\/2024\/11\/konyv47-172x300.jpg\" class=\"attachment-medium size-medium wp-image-790\" alt=\"A Kereszt\u00e9ny-havas turistakalauza\" srcset=\"https:\/\/www.ekebrasso.ro\/wp-content\/uploads\/2024\/11\/konyv47-172x300.jpg 172w, https:\/\/www.ekebrasso.ro\/wp-content\/uploads\/2024\/11\/konyv47-586x1024.jpg 586w, https:\/\/www.ekebrasso.ro\/wp-content\/uploads\/2024\/11\/konyv47-768x1342.jpg 768w, https:\/\/www.ekebrasso.ro\/wp-content\/uploads\/2024\/11\/konyv47-879x1536.jpg 879w, https:\/\/www.ekebrasso.ro\/wp-content\/uploads\/2024\/11\/konyv47-1172x2048.jpg 1172w, https:\/\/www.ekebrasso.ro\/wp-content\/uploads\/2024\/11\/konyv47-scaled.jpg 1465w\" sizes=\"(max-width: 172px) 100vw, 172px\" \/><\/div><\/a>\n\t\t\t\t<div class=\"elementor-post__badge\">H\u00edrek \u2013 2024<\/div>\n\t\t\t\t<div class=\"elementor-post__text\">\n\t\t\t\t<h3 class=\"elementor-post__title\">\n\t\t\t<a href=\"https:\/\/www.ekebrasso.ro\/index.php\/2024\/11\/26\/a-kereszteny-havas-turistakalauza\/\" >\n\t\t\t\tA Kereszt\u00e9ny-havas turistakalauza\t\t\t<\/a>\n\t\t<\/h3>\n\t\t\t\t<div class=\"elementor-post__excerpt\">\n\t\t\t<p>2024. november 28-\u00e1n, cs\u00fct\u00f6rt\u00f6k\u00f6n 18 \u00f3r\u00e1t\u00f3l Brass\u00f3ban, az Old City panzi\u00f3ban (Cs\u00edki s\u00f6r\u00f6z\u0151) Kov\u00e1cs Lehel Istv\u00e1n bemutatja A Kereszt\u00e9ny-havas turistakalauza c\u00edm\u0171 k\u00f6nyv\u00e9t.A k\u00f6nyv Brass\u00f3 hegy\u00e9nek<\/p>\n\t\t<\/div>\n\t\t\t\t\t<div class=\"elementor-post__read-more-wrapper\">\n\t\t\n\t\t<a class=\"elementor-post__read-more\" href=\"https:\/\/www.ekebrasso.ro\/index.php\/2024\/11\/26\/a-kereszteny-havas-turistakalauza\/\" aria-label=\"Read more about A Kereszt\u00e9ny-havas turistakalauza\" tabindex=\"-1\" >\n\t\t\tR\u00e9szletek \u00bb\t\t<\/a>\n\n\t\t\t\t\t<\/div>\n\t\t\t\t<\/div>\n\t\t\t\t<div class=\"elementor-post__meta-data\">\n\t\t\t\t\t<span class=\"elementor-post-date\">\n\t\t\t2024-11-26\t\t<\/span>\n\t\t\t\t<\/div>\n\t\t\t\t\t<\/div>\n\t\t<\/article>\n\t\t\t\t<article class=\"elementor-post elementor-grid-item post-263 post type-post status-publish format-standard has-post-thumbnail hentry category-hir\">\n\t\t\t<div class=\"elementor-post__card\">\n\t\t\t\t<a class=\"elementor-post__thumbnail__link\" href=\"https:\/\/www.ekebrasso.ro\/index.php\/2023\/11\/28\/cs2\/\" tabindex=\"-1\" ><div class=\"elementor-post__thumbnail\"><img decoding=\"async\" width=\"300\" height=\"189\" src=\"https:\/\/www.ekebrasso.ro\/wp-content\/uploads\/2022\/11\/foto1-300x189.jpg\" class=\"attachment-medium size-medium wp-image-436\" alt=\"\" srcset=\"https:\/\/www.ekebrasso.ro\/wp-content\/uploads\/2022\/11\/foto1-300x189.jpg 300w, https:\/\/www.ekebrasso.ro\/wp-content\/uploads\/2022\/11\/foto1-1024x647.jpg 1024w, https:\/\/www.ekebrasso.ro\/wp-content\/uploads\/2022\/11\/foto1-768x485.jpg 768w, https:\/\/www.ekebrasso.ro\/wp-content\/uploads\/2022\/11\/foto1-1536x970.jpg 1536w, https:\/\/www.ekebrasso.ro\/wp-content\/uploads\/2022\/11\/foto1-2048x1294.jpg 2048w\" sizes=\"(max-width: 300px) 100vw, 300px\" \/><\/div><\/a>\n\t\t\t\t<div class=\"elementor-post__badge\">H\u00edrek - 2023<\/div>\n\t\t\t\t<div class=\"elementor-post__text\">\n\t\t\t\t<h3 class=\"elementor-post__title\">\n\t\t\t<a href=\"https:\/\/www.ekebrasso.ro\/index.php\/2023\/11\/28\/cs2\/\" >\n\t\t\t\t<strong>Cs\u00fct\u00f6rt\u00f6ki s\u00e9ta<\/strong>\t\t\t<\/a>\n\t\t<\/h3>\n\t\t\t\t<div class=\"elementor-post__excerpt\">\n\t\t\t<p>Az \u00e9vszaknak megfelel\u0151 h\u0171v\u00f6s id\u0151ben tizen\u00f6t\u00f6n tal\u00e1lkoztunk az elm\u00falt cs\u00fct\u00f6rt\u00f6k\u00f6n a Cenk fels\u0151 s\u00e9t\u00e1ny\u00e1n lev\u0151 pavilonban. Sz\u00fclet\u00e9snapja alkalm\u00e1b\u00f3l nagy erd\u00e9lyi k\u00f6lt\u0151nkre, Ady Endr\u00e9re eml\u00e9kezt\u00fcnk. N\u00e1dudvary<\/p>\n\t\t<\/div>\n\t\t\t\t\t<div class=\"elementor-post__read-more-wrapper\">\n\t\t\n\t\t<a class=\"elementor-post__read-more\" href=\"https:\/\/www.ekebrasso.ro\/index.php\/2023\/11\/28\/cs2\/\" aria-label=\"Read more about &lt;strong&gt;Cs\u00fct\u00f6rt\u00f6ki s\u00e9ta&lt;\/strong&gt;\" tabindex=\"-1\" >\n\t\t\tR\u00e9szletek \u00bb\t\t<\/a>\n\n\t\t\t\t\t<\/div>\n\t\t\t\t<\/div>\n\t\t\t\t<div class=\"elementor-post__meta-data\">\n\t\t\t\t\t<span class=\"elementor-post-date\">\n\t\t\t2023-11-28\t\t<\/span>\n\t\t\t\t<\/div>\n\t\t\t\t\t<\/div>\n\t\t<\/article>\n\t\t\t\t<article class=\"elementor-post elementor-grid-item post-334 post type-post status-publish format-standard has-post-thumbnail hentry category-hir\">\n\t\t\t<div class=\"elementor-post__card\">\n\t\t\t\t<a class=\"elementor-post__thumbnail__link\" href=\"https:\/\/www.ekebrasso.ro\/index.php\/2023\/11\/27\/e1\/\" tabindex=\"-1\" ><div class=\"elementor-post__thumbnail\"><img decoding=\"async\" width=\"208\" height=\"300\" src=\"https:\/\/www.ekebrasso.ro\/wp-content\/uploads\/2023\/11\/bori17.jpg\" class=\"attachment-medium size-medium wp-image-677\" alt=\"\" \/><\/div><\/a>\n\t\t\t\t<div class=\"elementor-post__badge\">H\u00edrek - 2023<\/div>\n\t\t\t\t<div class=\"elementor-post__text\">\n\t\t\t\t<h3 class=\"elementor-post__title\">\n\t\t\t<a href=\"https:\/\/www.ekebrasso.ro\/index.php\/2023\/11\/27\/e1\/\" >\n\t\t\t\t<strong>Megjelent az Enci\u00e1n<\/strong>\t\t\t<\/a>\n\t\t<\/h3>\n\t\t\t\t<div class=\"elementor-post__excerpt\">\n\t\t\t<p>2023. november 27-\u00e9n megjelent az Enci\u00e1n (Brass\u00f3i term\u00e9szetj\u00e1r\u00f3k foly\u00f3irata) II. sorozat, XVIII. \u00e9vfolyam, 2023-as 1. (78.) sz\u00e1ma. F\u0151szerkeszt\u0151je dr. Kov\u00e1cs Lehel Istv\u00e1n.A 100 oldalon megjelen\u0151<\/p>\n\t\t<\/div>\n\t\t\t\t\t<div class=\"elementor-post__read-more-wrapper\">\n\t\t\n\t\t<a class=\"elementor-post__read-more\" href=\"https:\/\/www.ekebrasso.ro\/index.php\/2023\/11\/27\/e1\/\" aria-label=\"Read more about &lt;strong&gt;Megjelent az Enci\u00e1n&lt;\/strong&gt;\" tabindex=\"-1\" >\n\t\t\tR\u00e9szletek \u00bb\t\t<\/a>\n\n\t\t\t\t\t<\/div>\n\t\t\t\t<\/div>\n\t\t\t\t<div class=\"elementor-post__meta-data\">\n\t\t\t\t\t<span class=\"elementor-post-date\">\n\t\t\t2023-11-27\t\t<\/span>\n\t\t\t\t<\/div>\n\t\t\t\t\t<\/div>\n\t\t<\/article>\n\t\t\t\t<article class=\"elementor-post elementor-grid-item post-336 post type-post status-publish format-standard has-post-thumbnail hentry category-hir\">\n\t\t\t<div class=\"elementor-post__card\">\n\t\t\t\t<a class=\"elementor-post__thumbnail__link\" href=\"https:\/\/www.ekebrasso.ro\/index.php\/2023\/11\/21\/css1\/\" tabindex=\"-1\" ><div class=\"elementor-post__thumbnail\"><img decoding=\"async\" width=\"300\" height=\"189\" src=\"https:\/\/www.ekebrasso.ro\/wp-content\/uploads\/2022\/11\/foto1-300x189.jpg\" class=\"attachment-medium size-medium wp-image-436\" alt=\"\" srcset=\"https:\/\/www.ekebrasso.ro\/wp-content\/uploads\/2022\/11\/foto1-300x189.jpg 300w, https:\/\/www.ekebrasso.ro\/wp-content\/uploads\/2022\/11\/foto1-1024x647.jpg 1024w, https:\/\/www.ekebrasso.ro\/wp-content\/uploads\/2022\/11\/foto1-768x485.jpg 768w, https:\/\/www.ekebrasso.ro\/wp-content\/uploads\/2022\/11\/foto1-1536x970.jpg 1536w, https:\/\/www.ekebrasso.ro\/wp-content\/uploads\/2022\/11\/foto1-2048x1294.jpg 2048w\" sizes=\"(max-width: 300px) 100vw, 300px\" \/><\/div><\/a>\n\t\t\t\t<div class=\"elementor-post__badge\">H\u00edrek - 2023<\/div>\n\t\t\t\t<div class=\"elementor-post__text\">\n\t\t\t\t<h3 class=\"elementor-post__title\">\n\t\t\t<a href=\"https:\/\/www.ekebrasso.ro\/index.php\/2023\/11\/21\/css1\/\" >\n\t\t\t\t<strong>Cs\u00fct\u00f6rt\u00f6ki s\u00e9ta<\/strong>\t\t\t<\/a>\n\t\t<\/h3>\n\t\t\t\t<div class=\"elementor-post__excerpt\">\n\t\t\t<p>A m\u00falt cs\u00fct\u00f6rt\u00f6k d\u00e9lut\u00e1nj\u00e1n negat\u00edv rekordot jegyezt\u00fcnk, az&nbsp;es\u0151s id\u0151ben csup\u00e1n t\u00edzen tal\u00e1lkoztunk a Cenk fels\u0151 s\u00e9t\u00e1ny\u00e1n&nbsp;lev\u0151 pavilonban. Rosszul tett\u00e9k, akik nem j\u00f6ttek, s\u00e9t\u00e1nkra el\u00e1llt&nbsp;az es\u0151.<\/p>\n\t\t<\/div>\n\t\t\t\t\t<div class=\"elementor-post__read-more-wrapper\">\n\t\t\n\t\t<a class=\"elementor-post__read-more\" href=\"https:\/\/www.ekebrasso.ro\/index.php\/2023\/11\/21\/css1\/\" aria-label=\"Read more about &lt;strong&gt;Cs\u00fct\u00f6rt\u00f6ki s\u00e9ta&lt;\/strong&gt;\" tabindex=\"-1\" >\n\t\t\tR\u00e9szletek \u00bb\t\t<\/a>\n\n\t\t\t\t\t<\/div>\n\t\t\t\t<\/div>\n\t\t\t\t<div class=\"elementor-post__meta-data\">\n\t\t\t\t\t<span class=\"elementor-post-date\">\n\t\t\t2023-11-21\t\t<\/span>\n\t\t\t\t<\/div>\n\t\t\t\t\t<\/div>\n\t\t<\/article>\n\t\t\t\t<\/div>\n\t\t\t\t\t<span class=\"e-load-more-spinner\">\n\t\t\t\t<svg aria-hidden=\"true\" class=\"e-font-icon-svg e-fas-spinner\" viewBox=\"0 0 512 512\" xmlns=\"http:\/\/www.w3.org\/2000\/svg\"><path d=\"M304 48c0 26.51-21.49 48-48 48s-48-21.49-48-48 21.49-48 48-48 48 21.49 48 48zm-48 368c-26.51 0-48 21.49-48 48s21.49 48 48 48 48-21.49 48-48-21.49-48-48-48zm208-208c-26.51 0-48 21.49-48 48s21.49 48 48 48 48-21.49 48-48-21.49-48-48-48zM96 256c0-26.51-21.49-48-48-48S0 229.49 0 256s21.49 48 48 48 48-21.49 48-48zm12.922 99.078c-26.51 0-48 21.49-48 48s21.49 48 48 48 48-21.49 48-48c0-26.509-21.491-48-48-48zm294.156 0c-26.51 0-48 21.49-48 48s21.49 48 48 48 48-21.49 48-48c0-26.509-21.49-48-48-48zM108.922 60.922c-26.51 0-48 21.49-48 48s21.49 48 48 48 48-21.49 48-48-21.491-48-48-48z\"><\/path><\/svg>\t\t\t<\/span>\n\t\t\n\t\t\t\t\t\t<\/div>\n\t\t\t\t<\/div>\n\t\t\t\t\t<\/div>\n\t\t<\/div>\n\t\t\t\t\t<\/div>\n\t\t<\/section>\n\t\t\t\t<\/div>\n\t\t","protected":false},"excerpt":{"rendered":"","protected":false},"author":1,"featured_media":0,"parent":0,"menu_order":0,"comment_status":"closed","ping_status":"closed","template":"","meta":{"footnotes":""},"class_list":["post-42","page","type-page","status-publish","hentry"],"_links":{"self":[{"href":"https:\/\/www.ekebrasso.ro\/index.php\/wp-json\/wp\/v2\/pages\/42","targetHints":{"allow":["GET"]}}],"collection":[{"href":"https:\/\/www.ekebrasso.ro\/index.php\/wp-json\/wp\/v2\/pages"}],"about":[{"href":"https:\/\/www.ekebrasso.ro\/index.php\/wp-json\/wp\/v2\/types\/page"}],"author":[{"embeddable":true,"href":"https:\/\/www.ekebrasso.ro\/index.php\/wp-json\/wp\/v2\/users\/1"}],"replies":[{"embeddable":true,"href":"https:\/\/www.ekebrasso.ro\/index.php\/wp-json\/wp\/v2\/comments?post=42"}],"version-history":[{"count":21,"href":"https:\/\/www.ekebrasso.ro\/index.php\/wp-json\/wp\/v2\/pages\/42\/revisions"}],"predecessor-version":[{"id":629,"href":"https:\/\/www.ekebrasso.ro\/index.php\/wp-json\/wp\/v2\/pages\/42\/revisions\/629"}],"wp:attachment":[{"href":"https:\/\/www.ekebrasso.ro\/index.php\/wp-json\/wp\/v2\/media?parent=42"}],"curies":[{"name":"wp","href":"https:\/\/api.w.org\/{rel}","templated":true}]}}