{"id":44,"date":"2022-12-08T17:20:21","date_gmt":"2022-12-08T17:20:21","guid":{"rendered":"http:\/\/localhost\/ekebrasso.ro\/?page_id=44"},"modified":"2025-06-26T17:38:33","modified_gmt":"2025-06-26T15:38:33","slug":"rolunk","status":"publish","type":"page","link":"https:\/\/www.ekebrasso.ro\/index.php\/rolunk\/","title":{"rendered":"R\u00f3lunk"},"content":{"rendered":"\t\t<div data-elementor-type=\"wp-page\" data-elementor-id=\"44\" class=\"elementor elementor-44\" data-elementor-post-type=\"page\">\n\t\t\t\t\t\t<section class=\"elementor-section elementor-top-section elementor-element elementor-element-1703686f elementor-section-boxed elementor-section-height-default elementor-section-height-default\" data-id=\"1703686f\" data-element_type=\"section\">\n\t\t\t\t\t\t<div class=\"elementor-container elementor-column-gap-default\">\n\t\t\t\t\t<div class=\"elementor-column elementor-col-100 elementor-top-column elementor-element elementor-element-d7ae423\" data-id=\"d7ae423\" data-element_type=\"column\">\n\t\t\t<div class=\"elementor-widget-wrap elementor-element-populated\">\n\t\t\t\t\t\t<div class=\"elementor-element elementor-element-2d54cee elementor-widget elementor-widget-text-editor\" data-id=\"2d54cee\" data-element_type=\"widget\" data-widget_type=\"text-editor.default\">\n\t\t\t\t<div class=\"elementor-widget-container\">\n\t\t\t\t\t\t\t\t\t<p><a href=\"https:\/\/www.ekebrasso.ro\/wp-content\/uploads\/2023\/01\/Rolunk.jpg\"><img fetchpriority=\"high\" decoding=\"async\" class=\"aligncenter wp-image-475\" src=\"https:\/\/www.ekebrasso.ro\/wp-content\/uploads\/2023\/01\/Rolunk-1024x659.jpg\" alt=\"\" width=\"500\" height=\"322\" srcset=\"https:\/\/www.ekebrasso.ro\/wp-content\/uploads\/2023\/01\/Rolunk-1024x659.jpg 1024w, https:\/\/www.ekebrasso.ro\/wp-content\/uploads\/2023\/01\/Rolunk-300x193.jpg 300w, https:\/\/www.ekebrasso.ro\/wp-content\/uploads\/2023\/01\/Rolunk-768x494.jpg 768w, https:\/\/www.ekebrasso.ro\/wp-content\/uploads\/2023\/01\/Rolunk.jpg 1358w\" sizes=\"(max-width: 500px) 100vw, 500px\" \/><\/a><\/p>\n<p><\/p>\n<p><\/p>\n<p>Az Erd\u00e9lyi K\u00e1rp\u00e1t-Egyes\u00fclet Brass\u00f3i Oszt\u00e1lya (EKE Brass\u00f3) 1893. okt\u00f3ber 29-\u00e9n alakult meg, m\u0171k\u00f6d\u00e9si ter\u00fclete a Kiskir\u00e1ly-k\u0151 \u00e9s a Csuk\u00e1s-hegys\u00e9gre terjedt ki, a Bucsecs, a Nagykir\u00e1ly-k\u0151, a Kereszt\u00e9nyhavas \u00e9s a Nagy-k\u0151havas az 1880-ban l\u00e9trej\u00f6tt Siebenb\u00fcrgischer Karpaten Verein (SKV) turist\u00e1inak a ter\u00fclete volt.<\/p>\n<p><\/p>\n<p>Els\u0151 eln\u00f6ke <strong>Orb\u00e1n Ferenc (1847\u20131924)<\/strong> volt.<\/p>\n<p><\/p>\n<p>A brass\u00f3i EKE 1895. j\u00fanius 8-\u00e1n a Kiskir\u00e1ly-k\u0151n mened\u00e9kh\u00e1zat avatott. A Csuk\u00e1s-hegys\u00e9gben, a Teszla-r\u00e9ten, pedig 1900 nyar\u00e1n a hat\u00e1r\u0151r\u00f6k egykori fah\u00e1z\u00e1t alak\u00edtott\u00e1k \u00e1t mened\u00e9kh\u00e1zz\u00e1 (itt sz\u00e1ltak meg a Csuk\u00e1sra kir\u00e1ndul\u00f3k).<\/p>\n<p><\/p>\n<p>1901-ben <strong>dr. Zakari\u00e1s J\u00e1nos (1867\u20131946)<\/strong> lett az EKE Brass\u00f3 eln\u00f6ke.<\/p>\n<p><\/p>\n<p>1902 okt\u00f3ber\u00e9ben le\u00e9gett a nagy-k\u0151-havasi mened\u00e9kh\u00e1z, 1903 v\u00e9g\u00e9n pedig a Kiskir\u00e1ly-k\u0151n l\u00e9v\u0151 mened\u00e9kh\u00e1z. E k\u00e9t trag\u00e9dia hat\u00e1s\u00e1ra d\u00f6nt\u00f6tt \u00fagy az EKE \u00e9s SKV eln\u00f6ks\u00e9ge, hogy ter\u00fcletet cser\u00e9lnek: a Nagy-k\u0151-havas lett az EKE ter\u00fclete, a Kiskir\u00e1ly-k\u0151 a SKV-j\u00e9.<\/p>\n<p><\/p>\n<p>1906-ban <strong>dr. Gombos F. Albin (1873\u20131938)<\/strong> EKE Brass\u00f3 eln\u00f6k (akit 1905-ben v\u00e1lasztottak meg) ind\u00edtv\u00e1nyozta egy \u00faj mened\u00e9kh\u00e1z fel\u00e9p\u00edt\u00e9s\u00e9t a Nagy-k\u0151havason.<\/p>\n<p><\/p>\n<p>1907-ban <strong>Hal\u00e1sz Gyula (1871\u20131969)<\/strong> lett az \u00faj eln\u00f6k.<\/p>\n<p><\/p>\n<p>A Nagy-k\u0151havason 1910. j\u00falius 3-\u00e1n avatt\u00e1k fel a II. R\u00e1k\u00f3czi Ferenc fejedelem nev\u00e9t visel\u0151 mened\u00e9kh\u00e1zat, amelyet egy Predeal fel\u0151l kil\u0151tt \u00e1gy\u00fagoly\u00f3 tett t\u00f6nkre 1916-ban. Az EKE az utak egy r\u00e9sz\u00e9t jelz\u00e9sekkel l\u00e1tta el, s t\u00f6megesen kezdtek j\u00e1rni a havasra a brass\u00f3i magyar turist\u00e1k.<\/p>\n<p><\/p>\n<p>1922-ben a le\u00e9gett mened\u00e9kh\u00e1z r\u00e9gi gondnoka, Moln\u00e1r J\u00e1nos, az \u00e9pen maradt kormos falak egy r\u00e9sze f\u00f6l\u00e9 deszkatet\u0151t rakott, egy kis szob\u00e1t alak\u00edtva ki, melyben fekv\u0151helyek is voltak. Egy vend\u00e9gl\u0151t is berendezett, ahol egyszer\u0171 \u00e9teleket, italokat \u00e1rus\u00edtott eg\u00e9szen 1928-ig.<\/p>\n<p><\/p>\n<p>Trianon ut\u00e1n az \u00faj \u00e1llamhatalom nem ismerte el az EKE jogi szem\u00e9lyis\u00e9g\u00e9t, ez\u00e9rt az \u00faj \u00e1llamrendszerben 1927. augusztus 31-\u00e9n Brass\u00f3i Turista Egyes\u00fclet (BTE) n\u00e9v alatt jegyeztett\u00e9k be. Az\u00e9rt nem jegyezhett\u00e9k be EKE n\u00e9v alatt, mert rom\u00e1nra ford\u00edtva a neve megegyezett a m\u00e1r bejegyzett SKV nev\u00e9vel. Az eln\u00f6k tov\u00e1bbra is Hal\u00e1sz Gyula maradt, a sz\u00e9khely a Kapu utca 42. sz\u00e1m volt.<\/p>\n<p><\/p>\n<p>Az \u00e1llamos\u00edt\u00e1s, majd a kommunista hatalom 1948-ban minden egyes\u00fcletet elt\u00f6r\u00f6lt.<\/p>\n<p><\/p>\n<p>Az orsz\u00e1gos EKE 1991. m\u00e1jusi \u00fajj\u00e1\u00e9leszt\u00e9se ut\u00e1n r\u00f6videsen megalakult az EKE Brass\u00f3 megyei Oszt\u00e1lya. <strong>Nagy B\u00e9la<\/strong> nyugd\u00edjas tan\u00e1r lett az eln\u00f6k; aleln\u00f6k\u00f6k: dr. Binder P\u00e1l \u00e9s Kov\u00e1cs Attila; titk\u00e1r: Papp Anna; gazdas\u00e1gi \u00fcgyint\u00e9z\u0151: Pial\u00f3ga P\u00e1l.<\/p>\n<p><\/p>\n<p>1995 \u00e1prilis\u00e1ban tiszt\u00faj\u00edt\u00e1sra ker\u00fclt sor. Eg\u00e9szs\u00e9gi okokb\u00f3l a lek\u00f6sz\u00f6n\u0151 Nagy B\u00e9la eln\u00f6k hely\u00e9be <strong>Kov\u00e1cs Attil\u00e1t<\/strong> v\u00e1lasztott\u00e1k. A k\u00e9t aleln\u00f6k Papp Anna \u00e9s N\u00e1dudvary Gy\u00f6rgy; titk\u00e1r Bartos Kir\u00e1ly Csilla, gazdas\u00e1gi \u00fcgyint\u00e9z\u0151: Antal P\u00e9ter Lehel lett.<\/p>\n<p><\/p>\n<p>A brass\u00f3i EKE kimagasl\u00f3 eredm\u00e9nyei k\u00f6z\u00e9 tartozik a M\u00e1lyi J\u00f3zsef \u00e9s a magyarorsz\u00e1gi turist\u00e1k \u00e1ltal szervezett K\u00e1rp\u00e1t-koszor\u00fa nemzetk\u00f6zi t\u00faramozgalomba val\u00f3 bekapcsol\u00f3d\u00e1s, amelynek c\u00e9lja az volt, hogy a nemzetk\u00f6zi k\u00f6zv\u00e9lem\u00e9ny figyelm\u00e9t felh\u00edvj\u00e1k a K\u00e1rp\u00e1tok p\u00e1ratlan sz\u00e9ps\u00e9g\u00e9re.<\/p>\n<p><\/p>\n<p>1995. j\u00falius 27\u201330. k\u00f6z\u00f6tt Oszt\u00e1lyunk szervez\u00e9s\u00e9ben ker\u00fclt sor a<b> IV. EKE Orsz\u00e1gos V\u00e1ndort\u00e1bor<\/b>ra, a Nagy-k\u0151havas k\u00f6zel\u00e9ben a Malomdombn\u00e1l, amelyet k\u00f6zmegel\u00e9ged\u00e9sre, sikeresen rendezett meg az Oszt\u00e1ly 240 r\u00e9sztvev\u0151vel.<\/p>\n<p><\/p>\n<p>1996. febru\u00e1r 6-t\u00f3l Kov\u00e1cs Attila lett az eln\u00f6k, aleln\u00f6k N\u00e1dudvary Gy\u00f6rgy, titk\u00e1r: Zakari\u00e1s \u00c9va, gazdas\u00e1gi \u00fcgyint\u00e9z\u0151: Antal P\u00e9ter Lehel.<\/p>\n<p><\/p>\n<p>1997-ben harminc n\u00e9gyfalusi fiatal \u00fagy d\u00f6nt\u00f6tt, hogy kiv\u00e1lnak a brass\u00f3i EKE-b\u0151l \u00e9s megalak\u00edtj\u00e1k az EKE szecselev\u00e1rosi (n\u00e9gyfalusi) oszt\u00e1ly\u00e1t. A brass\u00f3i eln\u00f6k Jezsek K\u00e1lm\u00e1n lett.<\/p>\n<p><\/p>\n<p>1998-ban <strong>So\u00f3s G\u00e1bor<\/strong> lett a brass\u00f3i EKE eln\u00f6ke, aki 2005-ig igazgatta egyes\u00fclet\u00fcnk munk\u00e1ss\u00e1g\u00e1t.<\/p>\n<p><\/p>\n<p>2004-ben a brass\u00f3i EKE vezet\u0151s\u00e9ge a k\u00f6vetkez\u0151 \u00f6sszet\u00e9tel\u0171 volt: So\u00f3s G\u00e1bor eln\u00f6k, Orosz J\u00f3zsef aleln\u00f6k, Szotyori Gy\u00f6rgy aleln\u00f6k, F\u00fcl\u00f6p Margit p\u00e9nzt\u00e1ros, Szotyori M\u00e1ria titk\u00e1r-k\u00f6nyvel\u0151, N\u00e1dudvary Gy\u00f6rgy jog\u00e1sz.<\/p>\n<p><\/p>\n<p>2005-ben, orsz\u00e1gos szinten sz\u00fcletett d\u00f6nt\u00e9s az EKE oszt\u00e1lyainak jogi bejegyz\u00e9s\u00e9r\u0151l. Brass\u00f3 is megtette a sz\u00fcks\u00e9ges el\u0151k\u00e9sz\u00fcleteket. Az Erd\u00e9lyi K\u00e1rp\u00e1t Egyes\u00fclet \u2013 Brass\u00f3-t 2006. j\u00fanius 13-\u00e1n, <strong>Sz\u00e1sz \u00c1gnes<\/strong> eln\u00f6klete alatt bejegyezt\u00e9k a brass\u00f3i b\u00edr\u00f3s\u00e1gon. Aleln\u00f6k Boceanu Beniamin, titk\u00e1r Gyerk\u00f3 Lenke lett.<\/p>\n<p><\/p>\n<p>2009. okt\u00f3ber elej\u00e9n v\u00e1laszt\u00e1sokra ker\u00fclt sor a brass\u00f3i EKE-ben, az \u00faj eln\u00f6ks\u00e9g \u00f6sszet\u00e9tele: Sz\u00e1sz \u00c1gnes eln\u00f6k, So\u00f3s G\u00e1bor turisztikai aleln\u00f6k, dr. Kov\u00e1cs Lehel Istv\u00e1n honismereti, kultur\u00e1lis aleln\u00f6k, Domokos Jen\u0151 ifj\u00fas\u00e1gi aleln\u00f6k, Bl\u00e9nesi Edith titk\u00e1r.<\/p>\n<p>2010. j\u00fanius 24-\u00e9n N\u00e1dudvary Gy\u00f6rgy javaslat\u00e1ra megalakult a Cs\u00fct\u00f6rt\u00f6ki s\u00e9ta mozgalom.<\/p>\n<p><\/p>\n<p>A k\u00f6vetkez\u0151 tiszt\u00faj\u00edt\u00e1sra 2012. febru\u00e1r 16-\u00e1n ker\u00fclt sor, ekkor az eln\u00f6k Sz\u00e1sz \u00c1gnes, az aleln\u00f6k\u00f6k Kov\u00e1cs Lehel Istv\u00e1n, Gr\u00e9p\u00e1ly Istv\u00e1n, Kov\u00e1cs K\u00e1roly S\u00e1ndor lettek, a titk\u00e1r pedig Bl\u00e9nesi Edit.<\/p>\n<p><\/p>\n<p>2015. febru\u00e1r 20-\u00e1t\u00f3l az EKE Brass\u00f3 eln\u00f6ke <strong>dr. Kov\u00e1cs Lehel Istv\u00e1n<\/strong> lett, Bl\u00e9nesi Gy\u00f6rgy, Regman Zsuzsa, Mih\u00e1ly Melinda pedig az aleln\u00f6k\u00f6k. Titk\u00e1rnak Illy\u00e9s K\u00e1rolyt v\u00e1lasztottuk meg.<span style=\"font-size: 1rem;\">&nbsp;<\/span><\/p>\n<p><\/p>\n<p>2018. j\u00falius 30. \u2013 augusztus 5. k\u00f6z\u00f6tt zajlott le az <a href=\"https:\/\/www.ekebrasso.ro\/27Tabor\/\" target=\"_blank\" rel=\"noopener\"><b>EKE XXVII. V\u00e1ndort\u00e1bora<\/b><\/a> Feketehalomban, az EKE Brass\u00f3 szervez\u00e9s\u00e9ben. A r\u00e9sztvev\u0151k sz\u00e1ma: 1209.<\/p>\n<p><\/p>\n<p>A k\u00f6vetkez\u0151 tiszt\u00faj\u00edt\u00e1sra 2020. m\u00e1rcius 10-\u00e9n ker\u00fclt sor, ekkor az eln\u00f6k dr. Kov\u00e1cs Lehel Istv\u00e1n lett, az aleln\u00f6k Sz\u00e1sz \u00c1gnes, a titk\u00e1r pedig Bl\u00e9nesi Edit.<\/p>\n<p>2024. \u00e1prilis 22-\u00e9n ker\u00fclt sor az EKE Brass\u00f3 tiszt\u00faj\u00edt\u00f3 k\u00f6zgy\u0171l\u00e9s\u00e9re, az eln\u00f6k dr. Kov\u00e1cs Lehel Istv\u00e1n maradt, az aleln\u00f6k Watzatka G\u00e1bor lett, a titk\u00e1r Bl\u00e9nesi Edit, Sz\u00e1sz \u00c1gnest pedig tiszteletbeli eln\u00f6knek v\u00e1lasztottuk meg.<\/p>\n<p><\/p>\t\t\t\t\t\t\t\t<\/div>\n\t\t\t\t<\/div>\n\t\t\t\t\t<\/div>\n\t\t<\/div>\n\t\t\t\t\t<\/div>\n\t\t<\/section>\n\t\t\t\t<\/div>\n\t\t","protected":false},"excerpt":{"rendered":"<p>Az Erd\u00e9lyi K\u00e1rp\u00e1t-Egyes\u00fclet Brass\u00f3i Oszt\u00e1lya (EKE Brass\u00f3) 1893. okt\u00f3ber 29-\u00e9n alakult meg, m\u0171k\u00f6d\u00e9si ter\u00fclete a Kiskir\u00e1ly-k\u0151 \u00e9s a Csuk\u00e1s-hegys\u00e9gre terjedt ki, a Bucsecs, a Nagykir\u00e1ly-k\u0151, a Kereszt\u00e9nyhavas \u00e9s a Nagy-k\u0151havas az 1880-ban l\u00e9trej\u00f6tt Siebenb\u00fcrgischer Karpaten Verein (SKV) turist\u00e1inak a ter\u00fclete volt. Els\u0151 eln\u00f6ke Orb\u00e1n Ferenc (1847\u20131924) volt. A brass\u00f3i EKE 1895. j\u00fanius 8-\u00e1n a Kiskir\u00e1ly-k\u0151n [&hellip;]<\/p>\n","protected":false},"author":1,"featured_media":475,"parent":0,"menu_order":0,"comment_status":"closed","ping_status":"closed","template":"","meta":{"footnotes":""},"class_list":["post-44","page","type-page","status-publish","has-post-thumbnail","hentry"],"_links":{"self":[{"href":"https:\/\/www.ekebrasso.ro\/index.php\/wp-json\/wp\/v2\/pages\/44","targetHints":{"allow":["GET"]}}],"collection":[{"href":"https:\/\/www.ekebrasso.ro\/index.php\/wp-json\/wp\/v2\/pages"}],"about":[{"href":"https:\/\/www.ekebrasso.ro\/index.php\/wp-json\/wp\/v2\/types\/page"}],"author":[{"embeddable":true,"href":"https:\/\/www.ekebrasso.ro\/index.php\/wp-json\/wp\/v2\/users\/1"}],"replies":[{"embeddable":true,"href":"https:\/\/www.ekebrasso.ro\/index.php\/wp-json\/wp\/v2\/comments?post=44"}],"version-history":[{"count":23,"href":"https:\/\/www.ekebrasso.ro\/index.php\/wp-json\/wp\/v2\/pages\/44\/revisions"}],"predecessor-version":[{"id":798,"href":"https:\/\/www.ekebrasso.ro\/index.php\/wp-json\/wp\/v2\/pages\/44\/revisions\/798"}],"wp:featuredmedia":[{"embeddable":true,"href":"https:\/\/www.ekebrasso.ro\/index.php\/wp-json\/wp\/v2\/media\/475"}],"wp:attachment":[{"href":"https:\/\/www.ekebrasso.ro\/index.php\/wp-json\/wp\/v2\/media?parent=44"}],"curies":[{"name":"wp","href":"https:\/\/api.w.org\/{rel}","templated":true}]}}